*f + 2, 3*h = -0*f - 4*f - 2. Suppose -u - 103 = -4*t, 11 + 33 = h*t + 2*u. What are the prime factors of t?
5
List the prime factors of ((-9550)/(-75))/(4/18).
3, 191
Let q be (3784/16)/(-1*(-2)/4). Suppose 5*p = q + 347. What are the prime factors of p?
2, 41
Suppose -3387*s + 3389*s = 3084. What are the prime factors of s?
2, 3, 257
Let l = 1939 + 1178. What are the prime factors of l?
3, 1039
Suppose 3*z + 2*q = 2875, -z + 2*q = -5*z + 3830. Suppose -z = -7*w + 2*w. List the prime factors of w.
191
Let l(p) = 34*p. Let s be l(2). Suppose 25 = r - 5*b, -5*b = -4*r + 17 + s. List the prime factors of r.
2, 5
Suppose -4*r + 2*l = -r - 15, 5*r - 3 = -4*l. Suppose -2*b - 28 = -4*f, -3*b = -7*b - r*f - 100. List the prime factors of -2 + (0 - 0) - b.
2, 5
Let u(r) = -r**3 - 11*r**2 - 11*r - 7. Let b be u(-10). Suppose 2*l + 2*k - 204 = 0, 2*l - 3*l + b*k + 86 = 0. What are the prime factors of l?
2, 7
Let b be 40/15 + (-8)/12. Suppose -178 = -3*u - n, u + 5*n = -b*u + 182. List the prime factors of u.
59
Let r be 1/((-4)/(-16)) - -3. Suppose 8 = r*b - 5*b. Suppose -4*n + w = -40, -w = -5*n + b*n + 13. What are the prime factors of n?
3
Let b be (4/5)/((-6)/(-15)). Suppose -b*d = 38 - 138. Suppose -2*l + d = -0*l. List the prime factors of l.
5
Let p be 1005/(-10)*(-4)/6. Let v = 151 - p. List the prime factors of v.
2, 3, 7
Suppose 0 = -4*h - 31 - 9. Let s(w) = -4*w - 6. List the prime factors of s(h).
2, 17
Let t(c) = 3*c**3 - 3*c**2 + 2*c - 12. List the prime factors of t(5).
2, 149
Suppose 2*h - b - 5766 = 0, 11*h = 14*h + 3*b - 8667. List the prime factors of h.
5, 577
Suppose 24 = 5*s - 2*s. Suppose -4*y = 2*d - s, d = 3*d + 2*y - 6. Suppose 2*l + 3*g - 48 = 0, -4*l - 5 = -d*g - 85. List the prime factors of l.
3, 7
Suppose 0 = p - g + 1, 2*p + 7 = 4*g - 5. What are the prime factors of (-2 + p)/(2/29)?
29
Suppose 3180 - 10764 = -3*n - 4*o, 6 = -2*o. List the prime factors of n.
2, 3, 211
Suppose 14*t - 10874 = -1620. List the prime factors of t.
661
Suppose -3*t + y + 1349 = -1508, -2*y - 4760 = -5*t. List the prime factors of t.
2, 3, 53
Let y = 4794 - 2773. List the prime factors of y.
43, 47
Let m = -5 + 9. Let v = -1 + m. Suppose v*t - 3*b - 1 = -7, -4*t + 20 = 3*b. What are the prime factors of t?
2
Suppose -308 = 8*x + 92. List the prime factors of ((-20)/x - 26/5)*-30.
2, 3
Suppose -g - 70 = -3*l - 6*g, -2*l - 4*g + 50 = 0. Suppose -87 + l = -d. What are the prime factors of d?
2, 3
What are the prime factors of ((-1658)/(-4) - 1)/((-38)/(-76))?
827
Suppose -5*v + 610 = 2*c - 1620, 2*c = -3*v + 2230. List the prime factors of c.
5, 223
Suppose -4*i = -2*v + 3990, -1667 = -5*v - i + 8275. List the prime factors of v.
3, 13, 17
Let w(t) = t**2 + 8*t + 11. Let h be w(-7). Let v = -12 + h. List the prime factors of 126/6 + v/2.
17
Let u(s) = -3*s**3 - 8*s**2 + 5*s - 8. What are the prime factors of u(-4)?
2, 3
Suppose 10908 = 16*o - 46148. What are the prime factors of o?
2, 1783
Let v(y) = -y**3 + 9*y**2 + 10*y + 2. Suppose 50 = 2*f + 3*f. Let s be v(f). What are the prime factors of 2/(4 - s)*53?
53
Let x(n) be the third derivative of -n**6/12 - n**5/15 + n**4/12 + n**3 - 8*n**2. List the prime factors of x(-3).
2, 3, 13
Suppose 0 = 9*s + 4171 - 4396. What are the prime factors of s?
5
Let n = -29 + 17. Let g(d) = -d**3 - 11*d**2 + 6*d - 17. List the prime factors of g(n).
5, 11
Let x(z) = -6*z + 3*z - 5*z - 188 + 206. What are the prime factors of x(-4)?
2, 5
Let g = -20 + 20. Suppose p = 6*p - 5*q - 405, g = 3*p + 5*q - 251. List the prime factors of p.
2, 41
Let q = -1821 - -2190. What are the prime factors of q?
3, 41
Suppose 9*v + 1555 = 12*v + 2*q, 2*q = -2*v + 1036. List the prime factors of v.
3, 173
Suppose 17*o - 47*o = -57900. List the prime factors of o.
2, 5, 193
What are the prime factors of -6*(-792 + -6*(-3)/(-9))?
2, 3, 397
Suppose 16*v - 20*v + 3*u = -6479, 0 = -5*u + 15. What are the prime factors of v?
2, 811
Let d = -16 + 25. Suppose 0 = -3*z + 21 - d. Suppose 2*r - 52 = -3*q, -q - z*r + 8 + 6 = 0. What are the prime factors of q?
2, 3
Let f(z) = -427*z + 156. What are the prime factors of f(-4)?
2, 233
Let y = -128 + 936. List the prime factors of y.
2, 101
Suppose -5*z + 258 = 28. Suppose 0*r - 2*r + 2*y + 122 = 0, r + 4*y - z = 0. What are the prime factors of r?
2, 29
Let q(k) = -k**3 - 24*k**2 - 33*k - 280. What are the prime factors of q(-27)?
2, 1399
Suppose 2*h - 360 = -5*j + 3*j, 2*h - 720 = -4*j. What are the prime factors of j?
2, 3, 5
Suppose -108 = -4*v + 4*h, -5*v + 3*h + 53 = -88. Let y be v/45 - (-10)/3. List the prime factors of (-1)/((3 - y)/57).
3, 19
Let w = -406 - -1030. Suppose 6*p + w = 14*p. List the prime factors of p.
2, 3, 13
Let t be (8/(-6))/((-1)/(-3)). Let j(c) = -41*c - 32. List the prime factors of j(t).
2, 3, 11
Suppose -1485 = -0*a - 4*a + f, 0 = -4*a - 4*f + 1500. What are the prime factors of a?
2, 3, 31
Let q be (-11 + -26)*(0 - -1). Let i = q - -43. Let w(j) = j**3 - 4*j**2 - 5*j + 3. List the prime factors of w(i).
3, 5
Suppose 16*i + 50055 = 63*i. What are the prime factors of i?
3, 5, 71
Suppose -302 = -s + 4*h, -2*s + 4*h + 396 = -224. What are the prime factors of (85/15 - 6)/((-1)/s)?
2, 53
Suppose 1368 = 8*t - 12*t. List the prime factors of 1/1 + -6 + (5 - t).
2, 3, 19
Let g(h) = -61*h + 9. List the prime factors of g(-3).
2, 3
Suppose -4*m - m - 257 = -n, 3*m + 12 = 0. Suppose n = -2*t - t. Let v = t + 115. List the prime factors of v.
2, 3
Let g be 13 + (-2 - -1) + -3. Let h(k) be the second derivative of k**3/2 + 4*k**2 + k. List the prime factors of h(g).
5, 7
Suppose -158*f = -151*f - 4214. What are the prime factors of f?
2, 7, 43
Let c(u) = -2*u - 1. Let s be c(-2). Let m be (-6 + 3)/(2 - s). Suppose -m*j + 17 = -25. List the prime factors of j.
2, 7
Let t = 8429 - 5618. What are the prime factors of t?
3, 937
Suppose 5*p + 549 = 4*y - 936, 0 = 6*y - 3*p - 2223. List the prime factors of y.
2, 5, 37
Suppose 8*z + 73629 = 35*z. What are the prime factors of z?
3, 101
Suppose -92*b + 7900 = -82*b. What are the prime factors of b?
2, 5, 79
List the prime factors of 42999/11 + (1 + -4 - -3).
3, 1303
List the prime factors of (-3 - 0) + 433 + -38.
2, 7
What are the prime factors of (-1)/((-3)/16)*(-6969)/(-92)?
2, 101
Let c = -573 - -570. Let q(f) be the first derivative of -21*f**2/2 + 10*f + 1. What are the prime factors of q(c)?
73
Let a = 38 - -215. What are the prime factors of a?
11, 23
Let o(t) = -t**3 + 19*t**2 + 4*t + 17. What are the prime factors of o(17)?
3, 13, 17
Let q(v) = v**2 - 3*v - 1. Let g be q(4). Suppose g*a = 2*w - 11, -3*w - 2 = -a - 15. What are the prime factors of -2*(a - 68/8)?
19
Let w = -19 + -4. Let o = w + 20. List the prime factors of (-45)/(-2) - o/2.
2, 3
Suppose 0 = -5*d - 3 - 12. Let n = 5 + d. Suppose 15 = n*p - 1. List the prime factors of p.
2
Suppose -26 = -5*a + 54. Let j(v) = 12*v**3 - 2*v**2 - 2*v. Let i be j(2). Suppose 4*s = a + i. List the prime factors of s.
5
List the prime factors of 734 + -369 - (-3 - -1 - -1).
2, 3, 61
Suppose 10*g + 1202 = 12*g. What are the prime factors of g?
601
Let z(u) = 8*u + 8. Let l(c) = 2*c**2 + 14*c + 7. Let b(i) = 2*i**2 + 13*i + 6. Let d(w) = 5*b(w) - 4*l(w). Let f be d(-5). What are the prime factors of z(f)?
2
Let z(n) = 79*n**2 - 5*n - 5. Let c be z(-5). What are the prime factors of 2*(-2)/(-8) - c/(-38)?
53
Suppose 0 = 3*r - 8*r + 135. Let v = -129 + 124. Let k = v + r. List the prime factors of k.
2, 11
Let d = 3498 - 1814. What are the prime factors of d?
2, 421
Let g = -42 + 2823. List the prime factors of g.
3, 103
Let x = -12 - -34. Let r = x - 19. Suppose -4*z = -r*t + 98, t - 4*z + 54 = 2*t. What are the prime factors of t?
2, 19
List the prime factors of ((-17844)/48)/((-7)/84).
3, 1487
Let j = -29 - -4. What are the prime factors of 1*j*(0 - 4)?
2, 5
Let m = 93 - 66. Suppose -m*f - 135 = -30*f. What are the prime factors of f?
3, 5
Let x = -632 + 294. List the prime factors of 3 + (-2)/(-5)*(2 - x).
139
Suppose 0 = 18*p - 17 - 1. Suppose -4*w - 2*v = -5*w + 323, v = -p. What are the prime factors of w?
3, 107
Let t(x) = x**3 - 12*x**2 - 10*x - 6. Let f be (10 + -11)/((-2)/10). Let d(a) = a**3 - 4*a**2 - 2*a - 2. Let j be d(f). List the prime factors of t(j).
3, 11
Le